{"id":123,"date":"2020-09-09T09:54:28","date_gmt":"2020-09-09T09:54:28","guid":{"rendered":"https:\/\/live-dortmund.de\/?page_id=123"},"modified":"2020-10-16T11:28:32","modified_gmt":"2020-10-16T11:28:32","slug":"hygienekonzept","status":"publish","type":"page","link":"https:\/\/live-dortmund.de\/index.php\/hygienekonzept\/","title":{"rendered":"Hygienekonzept"},"content":{"rendered":"<h1 class=\"wp-block-heading\">Corona-Hygienekonzept Warsteiner Music Hall<\/h1><p>Gem\u00e4\u00df der aktuellen <a rel=\"noreferrer noopener\" href=\"https:\/\/www.land.nrw\/sites\/default\/files\/asset\/document\/2020-08-31_coronaschvo_vom_31.08.2020_lesefassung.pdf\" target=\"_blank\">Corona Verordnung<\/a> des Landes NRW vom 31.08.2020 haben wir mit den beteiligten Beh\u00f6rden ein Hygienekonzept f\u00fcr die Konzertreihe \u201eBACK TO LIVE\u201c erstellt, was f\u00fcr eine gr\u00f6\u00dftm\u00f6gliche Sicherheit beim Konzertbesuch sorgen wird.<br>Weiterhin werden die G\u00e4ste auf Barhockern platziert, was den zur Zeit gr\u00f6\u00dftm\u00f6glichen Kompromiss bietet zwischen guter Konzertatmosph\u00e4re und festem zugewiesenem, personalisiertem Platz.<br>Durch eine topmoderne L\u00fcftungsanlage wird die Luft alle 20 Minuten in der Halle komplett ausgetauscht.<br>Wichtig ist eine disziplinierte Einhaltung der vorgegebenen Ma\u00dfnahmen, um den Veranstaltungsbetrieb im Sinne aller Beteiligten reibungslos durchf\u00fchren zu k\u00f6nnen.<br>Wir bedanken uns vorab f\u00fcr Euer Verst\u00e4ndnis.<\/p><div class=\"wp-block-otfm-box-spoiler-start otfm-sp__wrapper otfm-sp__box js-otfm-sp-box__closed otfm-sp__f5f5f5\" role=\"button\" tabindex=\"0\" aria-expanded=\"false\" data-otfm-spc=\"#f5f5f5\" style=\"text-align:left\"><div class=\"otfm-sp__title\">TICKETKAUF<\/div><\/div><p><br>In 2 Portalen ist der Erwerb von Tickets m\u00f6glich.<br>www.eventim.de<br>www.live-dortmund.de<\/p><p>In beiden Portalen muss der Gast ein Formular ausf\u00fcllen und es mit der Eintrittskarte beim Einlass vorzeigen, damit wir dann aufgrund der besonderen R\u00fcckverfolgbarkeit \u2013 Name, Anschrift und Telefonnummer archivieren k\u00f6nnen. Diese Daten werden 4 Wochen nach der Veranstaltung vernichtet, hierzu unsere Datenschutzerk\u00e4rung. (link)<\/p><p><strong>Garantierte R\u00fcckerstattung des Ticketpreises <\/strong>bei Absage des Konzertes gibt es bei<br>www.live-dortmund.de \u2013 hier werden sehr unb\u00fcrokratisch und schnell der Ticketpreis und 50% der VVK Geb\u00fchr ersetzt, falls die Veranstaltung abgesagt werden m\u00fcsste.<br>Die Bedingungen bei eventim \u2013 bitte aus deren AGB entnehmen.<\/p><p>Aufgrund der besonderen Coronabedingungen ist eine pers\u00f6nliche Identifizierung mit dem ausgedruckten Kontaktformular in Verbindung mit dem gekauften Ticket notwendig beim Einlass.<br>Um eine z\u00fcgige Einlasssituation zu gew\u00e4hrleisten, m\u00f6chten wir darum bitten, dieses Kontaktformular ausgef\u00fcllt mitzubringen, um nicht diesen Schritt h\u00e4ndisch vor Ort an der Kasse machen zu m\u00fcssen.<\/p><div class=\"wp-block-otfm-box-spoiler-end otfm-sp_end\"><\/div><div class=\"wp-block-otfm-box-spoiler-start otfm-sp__wrapper otfm-sp__box js-otfm-sp-box__closed otfm-sp__f5f5f5\" role=\"button\" tabindex=\"0\" aria-expanded=\"false\" data-otfm-spc=\"#f5f5f5\" style=\"text-align:left\"><div class=\"otfm-sp__title\">EINLASS<\/div><\/div><p>Beim Einlass gilt die Abstandsregel von 1,5m und es herrscht eine Maskenpflicht. Nach dem Vorzeigen von Eintrittskarten und ausgedrucktem Kontaktformular bekommt jeder Gast eine neue Eintrittskarte f\u00fcr diesen Abend mit seiner Platznummer, weiterhin ist diese Karte notwendig, um sich zu akkreditieren f\u00fcr den Raucherbereich und f\u00fcr den Trakt der sanit\u00e4ren Anlagen.<\/p><p>Wir werden versuchen Umsetzungsw\u00fcnsche bis zum Konzertbeginn zu realisieren, weisen aber darauf hin, dass dies nur f\u00fcr Gruppen und Paare gilt \u2013 ansonsten gilt der zugewiesene Platz. Wenn nicht alle Platzw\u00fcnsche umsetzbar sind, ist der zugewiesene Platz bindend.<\/p><div class=\"wp-block-otfm-box-spoiler-end otfm-sp_end\"><\/div><div class=\"wp-block-otfm-box-spoiler-start otfm-sp__wrapper otfm-sp__box js-otfm-sp-box__closed otfm-sp__f5f5f5\" role=\"button\" tabindex=\"0\" aria-expanded=\"false\" data-otfm-spc=\"#f5f5f5\" style=\"text-align:left\"><div class=\"otfm-sp__title\">GARDEROBENSERVICE<\/div><\/div><p>Es wird keine M\u00f6glichkeit geben Jacken und Taschen an der Garderobe abzugeben.<br>Die entsprechenden Kleidungsst\u00fccke, sowie Taschen und Rucks\u00e4cke m\u00fcssen mit an den zugewiesenen Platz genommen werden.<\/p><div class=\"wp-block-otfm-box-spoiler-end otfm-sp_end\"><\/div><div class=\"wp-block-otfm-box-spoiler-start otfm-sp__wrapper otfm-sp__box js-otfm-sp-box__closed otfm-sp__f5f5f5\" role=\"button\" tabindex=\"0\" aria-expanded=\"false\" data-otfm-spc=\"#f5f5f5\" style=\"text-align:left\"><div class=\"otfm-sp__title\">REGELN F\u00dcR MEINEN PLATZ<\/div><\/div><p>Am zugewiesenen Platz (Barhocker) herrscht keine Maskenpflicht, diese gilt allerdings auf allen Wegen durch die Halle. Am Platz wird es die M\u00f6glichkeit geben digital mit dem Smartphone Getr\u00e4nkebestellungen aufzugeben. Lautes Mitsingen, sowie exzessives Tanzen am Platz sind bei den beteiligten Beh\u00f6rden nicht gern gesehen \u2013 wie sich das in der Praxis darstellen wird, darauf sind auch wir gespannt. Es werden immer bis zu 6 G\u00e4ste an einem Stehtisch platziert. <\/p><div class=\"wp-block-otfm-box-spoiler-end otfm-sp_end\"><\/div><div class=\"wp-block-otfm-box-spoiler-start otfm-sp__wrapper otfm-sp__box js-otfm-sp-box__closed otfm-sp__f5f5f5\" role=\"button\" tabindex=\"0\" aria-expanded=\"false\" data-otfm-spc=\"#f5f5f5\" style=\"text-align:left\"><div class=\"otfm-sp__title\">SANIT\u00c4RE ANLAGEN<\/div><\/div><p>Die Toilettenanlage der Warsteiner Music Hall ist f\u00fcr eine Besucherzahl von 3.600 G\u00e4sten ausgelegt.<br>Zuwegungen und WC Kapazit\u00e4ten sind demzufolge in sehr ausreichender Form vorhanden.<br>Es wird ein Einbahnstra\u00dfensystem geben, um unkoordinierte Ansammlungen zu vermeiden. Weiterhin muss sich jeder Gast mit seiner \u201eneuen Eintrittskarte\u201c in diesem Trakt digital an- und beim Verlassen auch wieder abmelden. Bei der Zuwegung und beim Aufenthalt in den sanit\u00e4ren Anlagen gelten die Abstandsregel von 1,5m und die Maskenpflicht.<\/p><div class=\"wp-block-otfm-box-spoiler-end otfm-sp_end\"><\/div><div class=\"wp-block-otfm-box-spoiler-start otfm-sp__wrapper otfm-sp__box js-otfm-sp-box__closed otfm-sp__f5f5f5\" role=\"button\" tabindex=\"0\" aria-expanded=\"false\" data-otfm-spc=\"#f5f5f5\" style=\"text-align:left\"><div class=\"otfm-sp__title\">GASTRONOMIE<\/div><\/div><p>Getr\u00e4nkebestellungen k\u00f6nnen nur in digitaler Form mit einem Smartphone gemacht werden.<br>Eine detaillierte Anleitung dazu wird auf jedem Stehtisch zu finden sein und befindet sich auch auf der R\u00fcckseite der neuen Eintrittskarte.<br>Dazu wird ein Smartphone ben\u00f6tigt. Die Bezahlung erfolgt dann bargeldlos mit EC-Karte.<br>Barzahlungen sind nicht m\u00f6glich.<\/p><div class=\"wp-block-otfm-box-spoiler-end otfm-sp_end\"><\/div>","protected":false},"excerpt":{"rendered":"<p>Corona-Hygienekonzept Warsteiner Music Hall Gem\u00e4\u00df der aktuellen Corona Verordnung des Landes NRW vom 31.08.2020 haben wir mit den beteiligten Beh\u00f6rden ein Hygienekonzept f\u00fcr die Konzertreihe \u201eBACK TO LIVE\u201c erstellt, was f\u00fcr eine gr\u00f6\u00dftm\u00f6gliche Sicherheit beim Konzertbesuch sorgen wird.Weiterhin werden die G\u00e4ste auf Barhockern platziert, was <span class=\"read-more\"><a class=\"more-link btn btn-transparent\" href=\"https:\/\/live-dortmund.de\/index.php\/hygienekonzept\/\">Read More &#8230;<\/a><\/span><\/p>\n","protected":false},"author":1,"featured_media":0,"parent":0,"menu_order":0,"comment_status":"closed","ping_status":"closed","template":"","meta":{"footnotes":""},"class_list":["post-123","page","type-page","status-publish","hentry"],"publishpress_future_action":{"enabled":false,"date":"2026-05-06 23:25:19","action":"change-status","newStatus":"draft","terms":[],"taxonomy":""},"_links":{"self":[{"href":"https:\/\/live-dortmund.de\/index.php\/wp-json\/wp\/v2\/pages\/123","targetHints":{"allow":["GET"]}}],"collection":[{"href":"https:\/\/live-dortmund.de\/index.php\/wp-json\/wp\/v2\/pages"}],"about":[{"href":"https:\/\/live-dortmund.de\/index.php\/wp-json\/wp\/v2\/types\/page"}],"author":[{"embeddable":true,"href":"https:\/\/live-dortmund.de\/index.php\/wp-json\/wp\/v2\/users\/1"}],"replies":[{"embeddable":true,"href":"https:\/\/live-dortmund.de\/index.php\/wp-json\/wp\/v2\/comments?post=123"}],"version-history":[{"count":12,"href":"https:\/\/live-dortmund.de\/index.php\/wp-json\/wp\/v2\/pages\/123\/revisions"}],"predecessor-version":[{"id":571,"href":"https:\/\/live-dortmund.de\/index.php\/wp-json\/wp\/v2\/pages\/123\/revisions\/571"}],"wp:attachment":[{"href":"https:\/\/live-dortmund.de\/index.php\/wp-json\/wp\/v2\/media?parent=123"}],"curies":[{"name":"wp","href":"https:\/\/api.w.org\/{rel}","templated":true}]}}

<h1 class="wp-block-heading">Corona-Hygienekonzept Warsteiner Music Hall</h1><p>Gemäß der aktuellen <a rel="noreferrer noopener" href="https://www.land.nrw/sites/default/files/asset/document/2020-08-31_coronaschvo_vom_31.08.2020_lesefassung.pdf" target="_blank">Corona Verordnung</a> des Landes NRW vom 31.08.2020 haben wir mit den beteiligten Behörden ein Hygienekonzept für die Konzertreihe „BACK TO LIVE“ erstellt, was für eine größtmögliche Sicherheit beim Konzertbesuch sorgen wird.<br>Weiterhin werden die Gäste auf Barhockern platziert, was den zur Zeit größtmöglichen Kompromiss bietet zwischen guter Konzertatmosphäre und festem zugewiesenem, personalisiertem Platz.<br>Durch eine topmoderne Lüftungsanlage wird die Luft alle 20 Minuten in der Halle komplett ausgetauscht.<br>Wichtig ist eine disziplinierte Einhaltung der vorgegebenen Maßnahmen, um den Veranstaltungsbetrieb im Sinne aller Beteiligten reibungslos durchführen zu können.<br>Wir bedanken uns vorab für Euer Verständnis.</p><div class="wp-block-otfm-box-spoiler-start otfm-sp__wrapper otfm-sp__box js-otfm-sp-box__closed otfm-sp__f5f5f5" role="button" tabindex="0" aria-expanded="false" data-otfm-spc="#f5f5f5" style="text-align:left"><div class="otfm-sp__title">TICKETKAUF</div></div><p><br>In 2 Portalen ist der Erwerb von Tickets möglich.<br>www.eventim.de<br>www.live-dortmund.de</p><p>In beiden Portalen muss der Gast ein Formular ausfüllen und es mit der Eintrittskarte beim Einlass vorzeigen, damit wir dann aufgrund der besonderen Rückverfolgbarkeit – Name, Anschrift und Telefonnummer archivieren können. Diese Daten werden 4 Wochen nach der Veranstaltung vernichtet, hierzu unsere Datenschutzerkärung. (link)</p><p><strong>Garantierte Rückerstattung des Ticketpreises </strong>bei Absage des Konzertes gibt es bei<br>www.live-dortmund.de – hier werden sehr unbürokratisch und schnell der Ticketpreis und 50% der VVK Gebühr ersetzt, falls die Veranstaltung abgesagt werden müsste.<br>Die Bedingungen bei eventim – bitte aus deren AGB entnehmen.</p><p>Aufgrund der besonderen Coronabedingungen ist eine persönliche Identifizierung mit dem ausgedruckten Kontaktformular in Verbindung mit dem gekauften Ticket notwendig beim Einlass.<br>Um eine zügige Einlasssituation zu gewährleisten, möchten wir darum bitten, dieses Kontaktformular ausgefüllt mitzubringen, um nicht diesen Schritt händisch vor Ort an der Kasse machen zu müssen.</p><div class="wp-block-otfm-box-spoiler-end otfm-sp_end"></div><div class="wp-block-otfm-box-spoiler-start otfm-sp__wrapper otfm-sp__box js-otfm-sp-box__closed otfm-sp__f5f5f5" role="button" tabindex="0" aria-expanded="false" data-otfm-spc="#f5f5f5" style="text-align:left"><div class="otfm-sp__title">EINLASS</div></div><p>Beim Einlass gilt die Abstandsregel von 1,5m und es herrscht eine Maskenpflicht. Nach dem Vorzeigen von Eintrittskarten und ausgedrucktem Kontaktformular bekommt jeder Gast eine neue Eintrittskarte für diesen Abend mit seiner Platznummer, weiterhin ist diese Karte notwendig, um sich zu akkreditieren für den Raucherbereich und für den Trakt der sanitären Anlagen.</p><p>Wir werden versuchen Umsetzungswünsche bis zum Konzertbeginn zu realisieren, weisen aber darauf hin, dass dies nur für Gruppen und Paare gilt – ansonsten gilt der zugewiesene Platz. Wenn nicht alle Platzwünsche umsetzbar sind, ist der zugewiesene Platz bindend.</p><div class="wp-block-otfm-box-spoiler-end otfm-sp_end"></div><div class="wp-block-otfm-box-spoiler-start otfm-sp__wrapper otfm-sp__box js-otfm-sp-box__closed otfm-sp__f5f5f5" role="button" tabindex="0" aria-expanded="false" data-otfm-spc="#f5f5f5" style="text-align:left"><div class="otfm-sp__title">GARDEROBENSERVICE</div></div><p>Es wird keine Möglichkeit geben Jacken und Taschen an der Garderobe abzugeben.<br>Die entsprechenden Kleidungsstücke, sowie Taschen und Rucksäcke müssen mit an den zugewiesenen Platz genommen werden.</p><div class="wp-block-otfm-box-spoiler-end otfm-sp_end"></div><div class="wp-block-otfm-box-spoiler-start otfm-sp__wrapper otfm-sp__box js-otfm-sp-box__closed otfm-sp__f5f5f5" role="button" tabindex="0" aria-expanded="false" data-otfm-spc="#f5f5f5" style="text-align:left"><div class="otfm-sp__title">REGELN FÜR MEINEN PLATZ</div></div><p>Am zugewiesenen Platz (Barhocker) herrscht keine Maskenpflicht, diese gilt allerdings auf allen Wegen durch die Halle. Am Platz wird es die Möglichkeit geben digital mit dem Smartphone Getränkebestellungen aufzugeben. Lautes Mitsingen, sowie exzessives Tanzen am Platz sind bei den beteiligten Behörden nicht gern gesehen – wie sich das in der Praxis darstellen wird, darauf sind auch wir gespannt. Es werden immer bis zu 6 Gäste an einem Stehtisch platziert. </p><div class="wp-block-otfm-box-spoiler-end otfm-sp_end"></div><div class="wp-block-otfm-box-spoiler-start otfm-sp__wrapper otfm-sp__box js-otfm-sp-box__closed otfm-sp__f5f5f5" role="button" tabindex="0" aria-expanded="false" data-otfm-spc="#f5f5f5" style="text-align:left"><div class="otfm-sp__title">SANITÄRE ANLAGEN</div></div><p>Die Toilettenanlage der Warsteiner Music Hall ist für eine Besucherzahl von 3.600 Gästen ausgelegt.<br>Zuwegungen und WC Kapazitäten sind demzufolge in sehr ausreichender Form vorhanden.<br>Es wird ein Einbahnstraßensystem geben, um unkoordinierte Ansammlungen zu vermeiden. Weiterhin muss sich jeder Gast mit seiner „neuen Eintrittskarte“ in diesem Trakt digital an- und beim Verlassen auch wieder abmelden. Bei der Zuwegung und beim Aufenthalt in den sanitären Anlagen gelten die Abstandsregel von 1,5m und die Maskenpflicht.</p><div class="wp-block-otfm-box-spoiler-end otfm-sp_end"></div><div class="wp-block-otfm-box-spoiler-start otfm-sp__wrapper otfm-sp__box js-otfm-sp-box__closed otfm-sp__f5f5f5" role="button" tabindex="0" aria-expanded="false" data-otfm-spc="#f5f5f5" style="text-align:left"><div class="otfm-sp__title">GASTRONOMIE</div></div><p>Getränkebestellungen können nur in digitaler Form mit einem Smartphone gemacht werden.<br>Eine detaillierte Anleitung dazu wird auf jedem Stehtisch zu finden sein und befindet sich auch auf der Rückseite der neuen Eintrittskarte.<br>Dazu wird ein Smartphone benötigt. Die Bezahlung erfolgt dann bargeldlos mit EC-Karte.<br>Barzahlungen sind nicht möglich.</p><div class="wp-block-otfm-box-spoiler-end otfm-sp_end"></div>

<p>Corona-Hygienekonzept Warsteiner Music Hall Gemäß der aktuellen Corona Verordnung des Landes NRW vom 31.08.2020 haben wir mit den beteiligten Behörden ein Hygienekonzept für die Konzertreihe „BACK TO LIVE“ erstellt, was für eine größtmögliche Sicherheit beim Konzertbesuch sorgen wird.Weiterhin werden die Gäste auf Barhockern platziert, was <span class="read-more"><a class="more-link btn btn-transparent" href="https://live-dortmund.de/index.php/hygienekonzept/">Read More &#8230;</a></span></p>
